-r = q. What is the units digit of u?
2
Suppose -b + 16 - 3 = 0. Let v = 18 - b. Let n(q) = -q**3 + 6*q**2 + 6*q + 4. What is the units digit of n(v)?
9
Suppose 11*c - 12 = -4*w + 7*c, 0 = -5*w - 4*c + 12. Let f(k) = -2*k**2 + 54. What is the tens digit of f(w)?
5
Let t(k) = 35*k**3 + 3*k**2 - k + 5. Let b(l) = 106*l**3 + 9*l**2 - l + 14. Let i(c) = 2*b(c) - 7*t(c). What is the hundreds digit of i(-3)?
8
Suppose -3*d - 411 = -3*m, -2*m - 412 = 3*d - 6*m. Let h = -90 + -138. Let i = d - h. What is the units digit of i?
2
What is the units digit of 1322946/50 + -4 - (10 + (-2520)/250)?
5
Suppose l - 3 = -0. Let y be 24/16*(-16)/(-6). Suppose 7*m = 4*p + y*m - 811, 2*m - 621 = -l*p. What is the tens digit of p?
0
Suppose -l - 3415 = -5*r, -896 - 1837 = -4*r + l. Let w = 1328 - r. What is the hundreds digit of w?
6
Let c(a) = a**3 - a**2 + a - 4. Let l be c(2). Suppose -m = 2*i - 71 - 90, l*m = 4*i + 322. Let g = 237 - m. What is the units digit of g?
6
Suppose 7*i + 2*i - 43361 = 18190. What is the hundreds digit of i?
8
What is the hundreds digit of (4*(-1 - 36/(-40)))/(2/(-37970))?
5
Suppose -8*i = -0*i - 79784. What is the thousands digit of i?
9
Let c(y) = 2*y**3 - 2*y**2 + 6. Let v be c(3). Suppose v*q + 588 = 45*q. What is the hundreds digit of q?
1
Let o(q) = 279*q**2 + 35*q + 1. Let k be o(6). Suppose 18*w - k = 5927. What is the hundreds digit of w?
8
Suppose 3*w = -4*k + 120, 6*k - 13 = 5*k - 5*w. Suppose 0 = 27*q - k*q + 7704. What is the hundreds digit of q?
2
Let z(u) be the first derivative of 4/3*u**3 + 16 - 25/2*u**2 - 27*u. What is the units digit of z(11)?
2
Suppose 0 = -4*x - 4*i - 185 + 553, 5*i + 395 = 4*x. Suppose 0 = -4*c + x + 137. Let g = c + -25. What is the units digit of g?
3
Suppose 0 = k + 4*j - 7827, -8788 = -2*k + 3*j + 6899. What is the tens digit of k?
3
What is the tens digit of (3 - -2) + (1612*4)/2?
2
Let z = 27 - 3. Suppose z*h - 28 = 17*h. Suppose 0 = 4*s + 2*j - 0*j - 152, -h*j = -4*s + 176. What is the tens digit of s?
4
Let y(l) = 46*l**3 + 7*l**2 + 5*l - 37. What is the hundreds digit of y(5)?
9
What is the hundreds digit of (-14 + 111/6)*35764/9?
8
Suppose -108036 + 357133 = 5*u + 2*q, 4*q = u - 49837. What is the ten thousands digit of u?
4
Let f = 1924 - 1914. Let o = 2119 - 869. Suppose 0 = -f*m + 15*m - o. What is the hundreds digit of m?
2
Suppose 26*c + 19*c + 1279684 = 73*c. What is the units digit of c?
3
Suppose c = 4*a - 1557, a + a - 765 = 5*c. Suppose 1928 = 5*s + 4*p, 0 = 6*s - 5*s + 3*p - a. What is the tens digit of s?
8
Let j(a) = 4*a - a**2 + 0 + 0*a + 2*a - 2. Let l be j(8). What is the tens digit of 66/l*9*-3?
9
Let i(x) = 64*x - 6. Let y(z) = -47*z + 9. Let q(k) = 23*k - 4. Let a(b) = 15*q(b) + 6*y(b). Let o(m) = -4*a(m) + 5*i(m). What is the hundreds digit of o(2)?
1
Let w(c) = 67*c - 73. What is the tens digit of w(16)?
9
What is the thousands digit of (-278320)/(-28) + (-4 - 4)?
9
Let x(w) = -4*w**3 - 12 + 3*w**3 + 8 + 4*w + 7*w**2 - 8. Let l be x(7). Suppose -275 = 11*o - l*o. What is the units digit of o?
5
Suppose 14*y + y = 0. What is the units digit of 24 + (y - (-5 - -6))?
3
Let z(k) = -7*k**3 + 5*k**2 + 5*k + 11. Let q be z(4). Let p = q + 570. What is the hundreds digit of p?
2
Let u = 1167 + -564. Let w = u + -277. Suppose 38*o + w = 40*o. What is the units digit of o?
3
Let u = 504 + -397. Let z = 627 - u. What is the tens digit of z?
2
Let g be (28/70)/(1/5 - 0). Suppose -g*a - 49 = -4*r + 3*a, 0 = 2*a + 10. Suppose -r*w - w = -1197. What is the units digit of w?
1
Let k(u) = 1954*u - 2541. What is the thousands digit of k(10)?
6
Let n be 72/10 - (-1)/(-5). Suppose 0 = -q - n + 5. What is the tens digit of q - (-94 + 0 - -4)?
8
Let c(d) = 31*d - 1. Let l be c(1). Let t = l + -23. Suppose 2*y = t*y - 220. What is the tens digit of y?
4
Let a = 19889 - -4191. What is the hundreds digit of a?
0
What is the ten thousands digit of (2 - 6519/(-6))*216/21 + -3?
1
Let q be (-3 + 2)/(2/10). Let v(a) = 20*a - 38. Let u(z) = 60*z - 104. Let n(y) = -5*u(y) + 14*v(y). What is the units digit of n(q)?
8
Let y(o) = 9*o - 24. Let g = 110 + -81. Let p = g - 5. What is the hundreds digit of y(p)?
1
Suppose -p + 102 + 596 = -v, 2790 = 4*p - 3*v. Suppose -86*i = -85*i - p. What is the tens digit of i?
9
Let d(j) = 363*j - 5. Let i(m) = -m - 2. Let y be i(-3). Let n be d(y). Suppose 2*f = 4*h - f - 494, n = 3*h + 4*f. What is the tens digit of h?
2
Suppose 3*y = 7 + 17. Let p be 44/66 - (-22)/(-6). What is the tens digit of 6/y*(-1148)/(p - 4)?
2
What is the hundreds digit of (235272/(-10))/(452/(-565))?
4
Let q = 4649 - 661. Suppose q + 4201 = 19*l. What is the hundreds digit of l?
4
Let n = 82 - 40. Let g = -15 + 16. Let m = n + g. What is the units digit of m?
3
Suppose 21 = 3*i + 3. Suppose 4*u = c - i*c + 3909, -c + u = -780. What is the tens digit of c?
8
Suppose -5*d + 3*n = n - 19, 0 = 5*d + 2*n - 11. Let a be (-26)/(-8) - (-2)/(-8). Suppose -4*o = -d*s - 171, 0*s - a*s = o - 39. What is the tens digit of o?
4
Let m(p) = -9*p**3 - 20*p**2 + 99*p + 2027. What is the units digit of m(-17)?
1
Suppose 17*f = -4659 - 4878. Let t = 95 - f. What is the hundreds digit of t?
6
Let h(z) = -180*z + 47. Let d(i) = i**3 - 9*i**2 + 8*i - 2. Let n be d(8). What is the hundreds digit of h(n)?
4
Suppose -4*n = 2*w - 852, 16 = -2*w + 6*w. Suppose -r - n = -o, -3*r + 879 = 23*o - 19*o. What is the tens digit of o?
1
Let s(h) = h**3 + 24*h**2 + 29*h + 34. Let o be s(-20). Suppose -7*z = -997 - o. What is the hundreds digit of z?
2
Suppose -5*s + 8*s = -3*l + 1110, -12 = -4*l. Let y = 452 - s. What is the tens digit of y?
8
Let j be -6*(369/2)/(-9). Suppose -5*v - j = 567. Let k = v + 221. What is the tens digit of k?
8
Let b be 14/21*1*33. What is the units digit of 3/((-9)/(-1446)) + (18 - b)?
8
Let w(f) = 3*f**2 - 16*f + 15. Let h(u) = u**2 + u - 1. Let m(x) = 2*h(x) + w(x). What is the hundreds digit of m(6)?
1
Let m(n) = -n**3 + 19*n**2 - 2*n + 42. Let k = -51 - -70. Let j be m(k). Suppose -3*z = -2*h + 10, 24 = j*h - z - 6. What is the units digit of h?
8
What is the tens digit of 2 + 5 - (-5143 + (5 - 11))?
5
Let d = 38 + -38. Suppose 32*c - 31*c - 84 = d. What is the units digit of c?
4
What is the hundreds digit of (336/4)/(149/2384)?
3
Let n = 5531 + -2787. Suppose -j + 684 = 2*q, -4*j - q + n = 3*q. What is the units digit of j?
8
Suppose 2*k - 24 = k + 4*a, 4*k = 5*a + 63. Suppose 34 = -5*v - k*v. What is the hundreds digit of (365/v)/(-5)*(2 - -2)?
1
Let a(t) = -t**2 + 4*t + 23. Let g be a(-3). Let s(f) = -3 + 4 + 1 + 6 + 14*f. What is the tens digit of s(g)?
3
What is the units digit of 11*(-5314)/(-18)*9?
7
Let h(c) = 6*c**2 + 46*c + 804. What is the hundreds digit of h(-13)?
2
Suppose -8*a + 6*a + 2574 = -2*c, 6433 = 5*a - 4*c. What is the tens digit of a?
8
What is the units digit of (-398052)/(-324) - -2*(-2)/(-9)?
9
Suppose 3*w + 5*v = 98, 3*w + 4*v - 86 = 2*v. Let n be 74/(-10) - w/(-65). Let m(l) = -31*l - 1. What is the units digit of m(n)?
6
Suppose -14*w + 46590 = -10*w + 5*a, -16*w + 186258 = 3*a. What is the ten thousands digit of w?
1
Let j(a) be the second derivative of 5*a**3/6 + 7*a**2/2 - 329*a. Suppose -4*r + 62 = -c, -4*r - 4*c = -13 - 59. What is the units digit of j(r)?
7
Let i be -3*(2/(-4) + (-1)/6). What is the tens digit of 24/(-48) - (-735)/i?
6
Let n(r) = -78*r - 284. Let z be n(-4). Let h = -7 - -96. Let g = h - z. What is the tens digit of g?
6
Let g(w) = 118*w + 4874. What is the hundreds digit of g(0)?
8
Let o(c) be the third derivative of 82/3*c**3 + 0*c + 0*c**5 + 0 - 1/120*c**6 + 16*c**2 - 1/24*c**4. What is the units digit of o(0)?
4
Suppose 43 - 15 = 2*u. What is the hundreds digit of (-6)/u - (-14100)/70 - 2?
1
Suppose 3*u + 2*w = -525 + 30671, w = 2*u - 20102. What is the units digit of u?
0
What is the units digit of (8/(-56))/(10/(-3267530))?
9
Suppose q = -y + 1052, y = -0*y - 4. Let g = q + -629. What is the hundreds digit of g?
4
Suppose -2*i + 4*l + 7716 = 0, -4131 + 23410 = 5*i + l. What is the thousands digit of i?
3
Let x = -45 + 47. Let k(i) = 8 + 85*i**x - 90*i**2 - i**3 + 0*i**3. What is the tens digit of k(-7)?
0
Suppose 4*a + 39*z - 45*z - 140234 = 0, 5*z = -4*a + 140311. What is the units digit of a?
9
Let o(h) = h**2 - 3*h - 53. Le